{"id":5331,"date":"2023-10-16T12:33:23","date_gmt":"2023-10-16T10:33:23","guid":{"rendered":"https:\/\/www.smp-technik.fr\/?page_id=5331"},"modified":"2023-10-16T12:33:25","modified_gmt":"2023-10-16T10:33:25","slug":"news","status":"publish","type":"page","link":"https:\/\/www.smp-technik.fr\/index.php\/en\/about-us-2\/news\/","title":{"rendered":"News"},"content":{"rendered":"","protected":false},"excerpt":{"rendered":"","protected":false},"author":1,"featured_media":0,"parent":5015,"menu_order":0,"comment_status":"closed","ping_status":"closed","template":"templates\/blog-right-sidebar.php","meta":{"footnotes":""},"class_list":["post-5331","page","type-page","status-publish","hentry"],"jetpack_sharing_enabled":true,"jetpack-related-posts":[{"id":5015,"url":"https:\/\/www.smp-technik.fr\/index.php\/en\/about-us-2\/","url_meta":{"origin":5331,"position":0},"title":"About us","author":"smpadmin","date":"4 October 2023","format":false,"excerpt":"With a strong service culture, a very responsive force of technical proposals and a rigorous quality policy, SMP is a multidisciplinary player in the mechanical industry. Our vocation is to improve the performance of our customers, through a significant contribution in the design and production of high-precision equipment for the\u2026","rel":"","context":"Similar post","block_context":{"text":"Similar post","link":""},"img":{"alt_text":"","src":"https:\/\/i0.wp.com\/www.smp-technik.fr\/wp-content\/uploads\/2023\/10\/image-jpeg.webp?resize=350%2C200&ssl=1","width":350,"height":200,"srcset":"https:\/\/i0.wp.com\/www.smp-technik.fr\/wp-content\/uploads\/2023\/10\/image-jpeg.webp?resize=350%2C200&ssl=1 1x, https:\/\/i0.wp.com\/www.smp-technik.fr\/wp-content\/uploads\/2023\/10\/image-jpeg.webp?resize=525%2C300&ssl=1 1.5x, https:\/\/i0.wp.com\/www.smp-technik.fr\/wp-content\/uploads\/2023\/10\/image-jpeg.webp?resize=700%2C400&ssl=1 2x, https:\/\/i0.wp.com\/www.smp-technik.fr\/wp-content\/uploads\/2023\/10\/image-jpeg.webp?resize=1050%2C600&ssl=1 3x"},"classes":[]},{"id":5044,"url":"https:\/\/www.smp-technik.fr\/index.php\/en\/our-machines\/","url_meta":{"origin":5331,"position":1},"title":"Our machines","author":"smpadmin","date":"5 October 2023","format":false,"excerpt":"SMP Technik is a major player in the industrial sector. Expertise since 1947 and specialized in machine tools since 1981. VG400 New 5-axis SMP Technik center: The solution for tool grinding and resharpening. See more VG300 The VG300 is particularly suitable for sharpening and manufacturing tools. Compact inside and spacious\u2026","rel":"","context":"Similar post","block_context":{"text":"Similar post","link":""},"img":{"alt_text":"VG400","src":"https:\/\/i0.wp.com\/www.smp-technik.fr\/wp-content\/uploads\/2023\/12\/VG400.png?resize=350%2C200&ssl=1","width":350,"height":200},"classes":[]},{"id":5454,"url":"https:\/\/www.smp-technik.fr\/index.php\/en\/services-2\/training\/","url_meta":{"origin":5331,"position":2},"title":"Training","author":"smpadmin","date":"18 October 2023","format":false,"excerpt":"TRAINING PROGRAMS Votre solution pour: Optimiser les performances Diversifier vos produits D\u00e9velopper vos march\u00e9s* Am\u00e9liorer votre qualit\u00e9 S\u00e9curiser votre recrutement Performance Indicators Out of 560 hours of training, 100% of the trainees in 2022 gave the highest rating of 5\/5 to the training provided by our team. Thanks to our\u2026","rel":"","context":"Similar post","block_context":{"text":"Similar post","link":""},"img":{"alt_text":"logo tool'school","src":"https:\/\/i0.wp.com\/www.smp-technik.fr\/wp-content\/uploads\/2023\/10\/Logo-TOOL-SCHOOL-2023-HD.png?resize=350%2C200&ssl=1","width":350,"height":200,"srcset":"https:\/\/i0.wp.com\/www.smp-technik.fr\/wp-content\/uploads\/2023\/10\/Logo-TOOL-SCHOOL-2023-HD.png?resize=350%2C200&ssl=1 1x, https:\/\/i0.wp.com\/www.smp-technik.fr\/wp-content\/uploads\/2023\/10\/Logo-TOOL-SCHOOL-2023-HD.png?resize=525%2C300&ssl=1 1.5x, https:\/\/i0.wp.com\/www.smp-technik.fr\/wp-content\/uploads\/2023\/10\/Logo-TOOL-SCHOOL-2023-HD.png?resize=700%2C400&ssl=1 2x, https:\/\/i0.wp.com\/www.smp-technik.fr\/wp-content\/uploads\/2023\/10\/Logo-TOOL-SCHOOL-2023-HD.png?resize=1050%2C600&ssl=1 3x, https:\/\/i0.wp.com\/www.smp-technik.fr\/wp-content\/uploads\/2023\/10\/Logo-TOOL-SCHOOL-2023-HD.png?resize=1400%2C800&ssl=1 4x"},"classes":[]}],"_links":{"self":[{"href":"https:\/\/www.smp-technik.fr\/index.php\/wp-json\/wp\/v2\/pages\/5331","targetHints":{"allow":["GET"]}}],"collection":[{"href":"https:\/\/www.smp-technik.fr\/index.php\/wp-json\/wp\/v2\/pages"}],"about":[{"href":"https:\/\/www.smp-technik.fr\/index.php\/wp-json\/wp\/v2\/types\/page"}],"author":[{"embeddable":true,"href":"https:\/\/www.smp-technik.fr\/index.php\/wp-json\/wp\/v2\/users\/1"}],"replies":[{"embeddable":true,"href":"https:\/\/www.smp-technik.fr\/index.php\/wp-json\/wp\/v2\/comments?post=5331"}],"version-history":[{"count":1,"href":"https:\/\/www.smp-technik.fr\/index.php\/wp-json\/wp\/v2\/pages\/5331\/revisions"}],"predecessor-version":[{"id":5332,"href":"https:\/\/www.smp-technik.fr\/index.php\/wp-json\/wp\/v2\/pages\/5331\/revisions\/5332"}],"up":[{"embeddable":true,"href":"https:\/\/www.smp-technik.fr\/index.php\/wp-json\/wp\/v2\/pages\/5015"}],"wp:attachment":[{"href":"https:\/\/www.smp-technik.fr\/index.php\/wp-json\/wp\/v2\/media?parent=5331"}],"curies":[{"name":"wp","href":"https:\/\/api.w.org\/{rel}","templated":true}]}}